*f + 11*f. Suppose t + 1113 = 12*b. What is the thousands digit of b?
1
Suppose 273*w + 28 = 280*w. Suppose 2 = 2*p, w*p = -3*i - i + 1916. What is the tens digit of i?
7
Let p(u) = 2*u**2 + 31*u + 12. Let o be p(-17). Let q = -57 + o. Suppose -16 = -l + 2*k + 101, 3*k = q. What is the tens digit of l?
2
Suppose -3*d - 2*p = 2*p, 0 = 2*d - 5*p. Suppose 2*w = -2*w - 16, -4*g - 3*w + 108 = d. What is the units digit of g?
0
Suppose -u = -7508 - 2952 - 3954. What is the thousands digit of u?
4
Let q be (-4962)/(-3)*1 + -5. Let x = q + -1061. What is the units digit of x?
8
Suppose -2*r - 4*k = -11588, 13*r - 10*r + 3*k = 17376. Suppose 32*t + r = 35*t. What is the thousands digit of t?
1
Suppose -8*f = -7*f - 161. Suppose -z + 47 + f = 0. What is the tens digit of z?
0
Suppose 0 = 7*z - 9630 + 2000. Suppose -4*w + 2*q + z = 0, 0 = w - 6*w - q + 1345. What is the hundreds digit of w?
2
Suppose m - d - 48 = 0, 3*m = -d + 5*d + 147. Let z = m - 79. Let f = z - -61. What is the units digit of f?
7
Let t(p) be the third derivative of 7*p**6/120 + p**5/30 - 2*p**3/3 - 17*p**2. Let g be t(2). Suppose g = 5*w - 395. What is the tens digit of w?
9
Suppose -8*c = -41865 + 2289. What is the units digit of c?
7
Suppose 4 = -l + 13. Suppose 12 = l*p - 6*p. What is the units digit of (-355)/(-20) - p/(-16)?
8
Let s = -17929 + 8599. What is the tens digit of s/(-21) - (-6)/(-21)?
4
Let i = -4 - -19. Suppose 6 = -2*a, 3*m = 5*m - 3*a - i. Suppose -m*o + 0*o - 4*b + 155 = 0, 0 = 4*o + 4*b - 212. What is the tens digit of o?
5
Let z(m) = -7*m**3 + 3*m**2 + 2*m - 9. What is the units digit of z(-6)?
9
Let u(n) be the second derivative of -7*n**3/6 - 83*n**2/2 + 4*n + 11. What is the units digit of u(-12)?
1
Let r = 538 - 493. Suppose -616 = 37*f - r*f. What is the tens digit of f?
7
Suppose -2*p + t + 487 + 378 = 0, -3*p + 1291 = 5*t. Let b = 869 - p. What is the hundreds digit of b?
4
Let x be (1 + 1)*(-3 - -4). Suppose 4*j + 2*r - 4*r = 1230, -x*j = 5*r - 645. Suppose 49*f - j = 44*f. What is the units digit of f?
2
Let h(u) = -4 - 562*u - 1076*u - 440*u. Let n be h(2). What is the hundreds digit of ((-4)/14 + n/91)*-4?
1
Let f(u) = 70*u + 215. Let y(k) = -13*k - 43. Let a(q) = 2*f(q) + 11*y(q). Let i(o) = -3*o. Let v be i(6). What is the units digit of a(v)?
1
Suppose -3*l - 882 = 3*x, -5*l - 1464 = -0*l + 2*x. Let j = l + 861. Let r = -406 + j. What is the tens digit of r?
6
Suppose 251*l - 518521 = 3731360 + 1010828. What is the thousands digit of l?
0
Suppose -86*f = 121*f - 14489728 + 711601. What is the units digit of f?
1
Let i be ((-4)/3 + 2)*(-5 + 11). Suppose -l = 2*l - i*f + 34, -4*l - 32 = -2*f. What is the hundreds digit of (-2 + 20/8 + l)*-34?
1
Suppose 2*n - 14 = 3*p - 13, 0 = 5*p - 3*n. Suppose 0 = 2*v + 2*q - 2008, p*v = -v + 2*q + 3992. What is the thousands digit of v?
1
Let i = 36345 + -25248. What is the ten thousands digit of i?
1
Let a(c) = c**3 + 7*c**2 + 3*c - 3. Let s be a(-6). Suppose -13*i - 485 = -s*i - o, o + 495 = 2*i. What is the units digit of i?
5
Let z be 11*44/9 + 6/27. Suppose b - 49 = z. Let r = b - 29. What is the tens digit of r?
7
Let r = 22949 + -16255. What is the units digit of r?
4
Let f = 2193 + -1275. Let x = 1839 - f. What is the units digit of x?
1
Suppose -29*t = -54 - 4. Suppose 1221 = t*i - 1053. What is the units digit of i?
7
Let i(w) = 4*w + 56. Suppose -2*g = -5*g - 4*u - 31, g = -2*u - 7. Let s be i(g). What is the tens digit of (6 - 0)/(s/(-200))?
0
Let k = 48063 - 30339. What is the hundreds digit of k?
7
Suppose -24*w = -17*w - 8904. Suppose 0 = -b - 0*b + 5*f + 318, 2*f + w = 4*b. What is the hundreds digit of b?
3
Let o be (6/12)/((-1)/16). Let i(h) be the first derivative of -2*h**2 + 3*h - 30. What is the units digit of i(o)?
5
Let s = -6888 + 12846. What is the tens digit of s?
5
Let d(m) = 292*m + 4860. What is the hundreds digit of d(31)?
9
Suppose -2*x + 16781 - 2351 = 0. What is the hundreds digit of x?
2
Let a = 878 - -8334. What is the thousands digit of a?
9
Suppose 0 = -4*g + q + 313, -4*q + 2*q + 221 = 3*g. Let z = 3409 + -3302. Suppose -3*w + p = -166 - z, 5*p + g = w. What is the units digit of w?
2
Let x = 187 + -170. Suppose 20*t = x*t + 657. What is the units digit of t?
9
Let t be (-14)/(-98) - (-8440)/14. Let f be (-1 - -2)*(t + -4). Suppose q - 2*d = 169, -4*q + 2*d + 95 = -f. What is the hundreds digit of q?
1
What is the units digit of (-1 + (4 - 1956/9))*-39?
9
Let r = 14 - 50. Let j = r - -25. Let b = j + 172. What is the tens digit of b?
6
What is the units digit of (-6)/(14996/1500 + -10)?
0
Suppose 40*x - 48*x = -54576. Suppose -93 - x = -15*l. What is the units digit of l?
1
Suppose -13*q - 4965 = -39337. Suppose 3*m = 3*y + 2*m - q, -4*y - m = -3530. What is the tens digit of y?
8
Let u(l) = 671*l - 2633. What is the units digit of u(34)?
1
Suppose 13*g + 143*g = 3521232. What is the thousands digit of g?
2
Let a = 217 + -206. What is the tens digit of ((-9)/12)/(a/(-2816))?
9
Suppose -387*x + 194873 = -16167553 - 1860630. What is the ten thousands digit of x?
4
Let g(i) = 53*i**2 + i - 9. Let a be (-62)/(-22) - (-44)/242. What is the tens digit of g(a)?
7
Suppose 5*y + 2*q - 53296 = 0, -5*y + 53278 = -7*q + 3*q. What is the tens digit of y?
5
Let z(y) = -266*y - 3224. What is the thousands digit of z(-21)?
2
Let s be (3 - 2)*(7 - -721). Suppose 0 = -5*f + s + 1137. What is the tens digit of f?
7
Let z be (-5)/(25/2) - 48/(-20). Suppose -3*h - 13 = -4*k, h - z*k + 6*k = 1. Let f(c) = 3*c**2 + 4*c - 7. What is the units digit of f(h)?
8
Let t(m) = 460*m - 1462. What is the tens digit of t(5)?
3
Let f be 32/56 - 215719/(-49). Suppose 8701 = 36*l - f. What is the units digit of l?
4
What is the hundreds digit of 4/(8/(-2) + 3) + 11315?
3
Let r = -3477 + 4583. What is the units digit of r?
6
Suppose 19*k + 759465 = 46*k + 36*k. What is the tens digit of k?
5
Let r(g) be the third derivative of 43*g**4/3 + 81*g**3/2 + 184*g**2. What is the hundreds digit of r(5)?
9
What is the ten thousands digit of (-58905)/68*(0 + -2 + -66)?
5
Let s(v) = 49*v**3 - 12*v**2 - 58*v + 453. What is the units digit of s(7)?
6
Let a be 0 - -1 - (7 + 8/(-2)). Let r be (-1)/(-2)*4 - -16. What is the tens digit of -3*((-1)/a)/(r/(-732))?
6
Let w(y) = -y**2 + 12*y + 49. Let o(f) = 5*f**2 - 61*f - 247. Let n(d) = -2*o(d) - 11*w(d). What is the tens digit of n(14)?
1
Let b(p) = -p**3 - 54*p**2 - 7*p - 687. What is the units digit of b(-56)?
7
Let g = -108 - -204. Suppose g = -3*t + 4*t. Suppose -6*y + 402 = t. What is the units digit of y?
1
Suppose -31*y - 16 = -39*y. Suppose -y*x + 624 = -366. What is the units digit of x?
5
Let k = -413 - -2595. What is the tens digit of k?
8
Let d(j) = 29*j**2 + 5*j - 15. Let g be d(7). Suppose 0 = -5*b + 16 - 6, -3*c = -4*b - g. What is the hundreds digit of c?
4
Suppose -2*z + 2*j = -37216, 3*z = 17*j - 16*j + 55812. What is the ten thousands digit of z?
1
Suppose 0 = 3*f - r - 21, -4*f - r - 2*r + 28 = 0. Suppose 15 = f*i - 2*i. Suppose -h + 3*h - 5*z = 164, -4*h + 328 = i*z. What is the tens digit of h?
8
Let v(y) = -y**2 + 49*y + 40. Let k = 219 - 200. What is the hundreds digit of v(k)?
6
Let y(x) = -4*x**3 - 2*x**2 + 3*x - 34. Let k(c) = -9*c**3 - 4*c**2 + 6*c - 67. Let a(f) = -3*k(f) + 7*y(f). What is the hundreds digit of a(-9)?
5
Let m(v) = -v**3 - 12*v**2 + 22*v - 26. Suppose 3*y - 46 = 3*l - 1, -67 = 5*l + 3*y. What is the units digit of m(l)?
8
Suppose 31*q - 177762 = 240211. What is the units digit of q?
3
Let c(u) = 6*u**2 + 4*u**3 + 48 - 5*u**2 - 3*u**3. Let y = 17963 - 17963. What is the tens digit of c(y)?
4
Suppose 2*b + 5*f - 10981 = 0, -286*b = -278*b + 2*f - 44014. What is the thousands digit of b?
5
Let i = 10074 + -8481. What is the units digit of i?
3
Suppose 52 = 31*r - 103. Let s be 0 - (1 - 2) - 1. Let t = r - s. What is the units digit of t?
5
Let j = 911 + -6. What is the units digit of j?
5
Let m(c) = 3*c**3 - 17*c**2 - 3*c - 5. Let w be m(12). Suppose 21*a = 10*a + w. What is the units digit of (-9)/(-2) - 4 - a/(-2)?
3
Let s = -11 - -21. Let y = 15 - s. Suppose -53 = -y*p + 32. What is the tens digit of p?
1
What is the thousands digit of 24940/(-2 + 6) - (1 - 3)?
6
Suppose 8 = 4*y, l - 84063 = -221*y + 219*y. What is the units dig